{"id":489,"date":"2022-07-25T20:18:59","date_gmt":"2022-07-25T20:18:59","guid":{"rendered":"https:\/\/ventosurbanos.pt\/home\/credito\/?page_id=489"},"modified":"2022-07-25T20:43:43","modified_gmt":"2022-07-25T20:43:43","slug":"termos","status":"publish","type":"page","link":"https:\/\/ventosurbanos.pt\/home\/credito\/termos\/","title":{"rendered":"Termos e Condi\u00e7\u00f5es"},"content":{"rendered":"\t\t<div data-elementor-type=\"wp-page\" data-elementor-id=\"489\" class=\"elementor elementor-489\" data-elementor-post-type=\"page\">\n\t\t\t\t\t\t<section class=\"elementor-section elementor-top-section elementor-element elementor-element-effa2e9 elementor-section-boxed elementor-section-height-default elementor-section-height-default\" data-id=\"effa2e9\" data-element_type=\"section\">\n\t\t\t\t\t\t<div class=\"elementor-container elementor-column-gap-default\">\n\t\t\t\t\t<div class=\"elementor-column elementor-col-100 elementor-top-column elementor-element elementor-element-443c765\" data-id=\"443c765\" data-element_type=\"column\">\n\t\t\t<div class=\"elementor-widget-wrap elementor-element-populated\">\n\t\t\t\t\t\t<div class=\"elementor-element elementor-element-00a0357 elementor-widget elementor-widget-spacer\" data-id=\"00a0357\" data-element_type=\"widget\" data-widget_type=\"spacer.default\">\n\t\t\t\t\t\t\t<div class=\"elementor-spacer\">\n\t\t\t<div class=\"elementor-spacer-inner\"><\/div>\n\t\t<\/div>\n\t\t\t\t\t\t<\/div>\n\t\t\t\t<div class=\"elementor-element elementor-element-e891121 elementor-widget elementor-widget-heading\" data-id=\"e891121\" data-element_type=\"widget\" data-widget_type=\"heading.default\">\n\t\t\t\t\t<h2 class=\"elementor-heading-title elementor-size-default\">Termos e Condi\u00e7\u00f5es<\/h2>\t\t\t\t<\/div>\n\t\t\t\t<div class=\"elementor-element elementor-element-0208164 elementor-widget elementor-widget-spacer\" data-id=\"0208164\" data-element_type=\"widget\" data-widget_type=\"spacer.default\">\n\t\t\t\t\t\t\t<div class=\"elementor-spacer\">\n\t\t\t<div class=\"elementor-spacer-inner\"><\/div>\n\t\t<\/div>\n\t\t\t\t\t\t<\/div>\n\t\t\t\t\t<\/div>\n\t\t<\/div>\n\t\t\t\t\t<\/div>\n\t\t<\/section>\n\t\t\t\t<section class=\"elementor-section elementor-top-section elementor-element elementor-element-3316aa2 elementor-section-boxed elementor-section-height-default elementor-section-height-default\" data-id=\"3316aa2\" data-element_type=\"section\">\n\t\t\t\t\t\t<div class=\"elementor-container elementor-column-gap-default\">\n\t\t\t\t\t<div class=\"elementor-column elementor-col-100 elementor-top-column elementor-element elementor-element-d71c4c5\" data-id=\"d71c4c5\" data-element_type=\"column\">\n\t\t\t<div class=\"elementor-widget-wrap elementor-element-populated\">\n\t\t\t\t\t\t<div class=\"elementor-element elementor-element-ccadb35 elementor-widget elementor-widget-text-editor\" data-id=\"ccadb35\" data-element_type=\"widget\" data-widget_type=\"text-editor.default\">\n\t\t\t\t\t\t\t\t\t<p>Os presentes Termos e Condi\u00e7\u00f5es regem a utiliza\u00e7\u00e3o do site\u00a0<em><strong>www.ventosurbanos.pt<\/strong><\/em>\u00a0<em>\u00a0<\/em>(\u201cSite\u201d). Ao aceder e utilizar o Site, toma conhecimento e aceita os presentes termos e condi\u00e7\u00f5es. Se n\u00e3o concordar com os Termos e Condi\u00e7\u00f5es n\u00e3o utilize o Site.<\/p><h4>\u00c2mbito<\/h4><p>Os presentes Termos e Condi\u00e7\u00f5es aplicam-se \u00e0s rela\u00e7\u00f5es entre a <b><i>Ventos Urbanos Unipessoal LDA<\/i><\/b>\u00a0<strong> com registo no Banco de Portugal n. 0006143 (de ora em diante <i>Ventos Urbanos<\/i>)<\/strong>\u00a0e os Utilizadores do Site e tem como finalidade o fornecimento de informa\u00e7\u00f5es gerais sobre a nossa empresa, produtos, servi\u00e7os e a sua actividade geral.<\/p><h4>Direitos de Propriedade Intelectual e Industrial<\/h4><p>Os Utilizadores do Site reconhecem que todos os conte\u00fados pertencem \u00e0 <b><i>Ventos Urbanos <\/i><\/b>ou aos seus parceiros. Todos os conte\u00fados, textos, fotografias, desenhos, imagens, log\u00f3tipos, programas de computador, base de dados existente no Site, assim como o pr\u00f3prio Site, enquanto obra de multim\u00e9dia, est\u00e3o protegidos por direitos de autor ao abrigo da legisla\u00e7\u00e3o em vigor.<\/p><p>As marcas comerciais, log\u00f3tipos e marcas de servi\u00e7os apresentadas no Site s\u00e3o propriedade da <b><i>Ventos Urbanos <\/i><\/b>ou de terceiros (identificados) n\u00e3o sendo permitida a sua utiliza\u00e7\u00e3o sem o nosso pr\u00e9vio consentimento.<\/p><h4>Protec\u00e7\u00e3o de dados<\/h4><p>Poder\u00e1 consultar a nossa pol\u00edtica de privacidade em\u00a0Pol\u00edtica de privacidade.<\/p><h4>Responsabilidade<\/h4><p>A <b><i>Ventos Urbanos <\/i><\/b>n\u00e3o poder\u00e1 ser responsabilizada por quaisquer falhas ou anomalias t\u00e9cnicas de redes ou linhas telef\u00f3nicas, sistemas inform\u00e1ticos online, servidores ou fornecedores, equipamento inform\u00e1tico, software, falha do servi\u00e7o de e-mail ou de leitores de Conte\u00fado devido a problemas t\u00e9cnicos ou congestionamento de tr\u00e1fego na Internet ou numa p\u00e1gina da Internet, ou combina\u00e7\u00e3o de ambos, incluindo preju\u00edzo ou danos no computador do utilizador.<\/p><p>A <b><i>Ventos Urbanos <\/i><\/b>reserva-se o direito de interromper o acesso ao Site pelo per\u00edodo que determine como necess\u00e1rio, por quaisquer raz\u00f5es de ordem t\u00e9cnica, administrativa, de for\u00e7a maior ou outras que possam surgir e n\u00e3o estejam directamente aqui contempladas.<\/p><h4>Modifica\u00e7\u00e3o dos Termos e condi\u00e7\u00f5es Gerais<\/h4><p>A <b><i>Ventos Urbanos <\/i><\/b>pode automaticamente alterar os presentes Termos e condi\u00e7\u00f5es a qualquer momento. Os Termos e condi\u00e7\u00f5es Gerais revistos consideram-se aceites pelos seus Utilizadores, caso estes continuem a utilizar o Portal ap\u00f3s a publica\u00e7\u00e3o dos novos Termos e condi\u00e7\u00f5es Gerais.<\/p><h4>Liga\u00e7\u00f5es a p\u00e1ginas de terceiros (Links)<\/h4><p>A <b><i>Ventos Urbanos <\/i><\/b>\u00a0poder\u00e1 fornecer liga\u00e7\u00f5es a qualquer outra p\u00e1gina sendo que n\u00e3o controla, nem \u00e9 respons\u00e1vel\u00a0 pelo conte\u00fado dessas mesmas p\u00e1gnas. Os utilizadores dever\u00e3o consultar os termo e condi\u00e7\u00f5es e a politica de privacidade desses links<\/p><p>\u00a0<\/p><h4>Resolu\u00e7\u00e3o de conflitos<\/h4><ul><li>CACCL \u2013 Centro de Arbitragem de Conflitos de Consumo de Lisboa\u00a0<a href=\"http:\/\/www.centroarbitragemlisboa.pt\/\">http:\/\/www.centroarbitragemlisboa.pt\/<\/a><\/li><\/ul><ul><li>CNIACC \u2013 Centro Nacional de Informa\u00e7\u00e3o e Arbitragem de Conflitos de Consumo\u00a0<a href=\"https:\/\/www.cniacc.pt\/pt\/\">https:\/\/www.cniacc.pt\/pt\/<\/a><\/li><\/ul><p>\u00a0<\/p><p>Em caso de lit\u00edgio o consumidor pode recorrer a uma Entidade de Resolu\u00e7\u00e3o alternativa de Lit\u00edgios de consumo: Centro de Arbitragem de Conflitos de Consumo de Lisboa Rua dos Douradores, 116, 2\u00ba \u2013 1100-207 LISBOATel: 218 807 030 \/ Fax:\u00a0<a href=\"tel:%2B351%20218%20807%20038\">+351 218 807 038<\/a>\u00a0E-mail:\u00a0<a href=\"mailto:juridico@centroarbitragemlisboa.pt\">juridico@centroarbitragemlisboa.pt<\/a>\u00a0\/\u00a0<a href=\"mailto:director@centroarbitragemlisboa.pt\">director@centroarbitragemlisboa.pt<\/a>\u00a0Web:\u00a0<a href=\"http:\/\/www.centroarbitragemlisboa.pt\/\" data-saferedirecturl=\"https:\/\/www.google.com\/url?hl=pt-PT&amp;q=http:\/\/www.centroarbitragemlisboa.pt&amp;source=gmail&amp;ust=1463050330855000&amp;usg=AFQjCNFqkAVo-cC6EvK1SYeSCh_jegKLyg\">www.centroarbitragemlisboa.pt<\/a>\u00a0Mais informa\u00e7\u00f5es em Portal Do Consumidor\u00a0<a href=\"http:\/\/www.consumidor.pt\/\" data-saferedirecturl=\"https:\/\/www.google.com\/url?hl=pt-PT&amp;q=http:\/\/www.consumidor.pt&amp;source=gmail&amp;ust=1463050330855000&amp;usg=AFQjCNHFpMJ_LGZwlQwjYmseq03dBrCUgQ\">www.consumidor.pt<\/a><\/p><h4>Contactos<\/h4><p>Caso tenha d\u00favidas ou quest\u00f5es sobre os presentes Termos e condi\u00e7\u00f5es Gerais, contacte-nos atrav\u00e9s do e-mail\u00a0<a href=\"mailto:geral@ventosurbanos.pt\">geral@ventosurbanos.pt<\/a><\/p>\t\t\t\t\t\t\t\t<\/div>\n\t\t\t\t\t<\/div>\n\t\t<\/div>\n\t\t\t\t\t<\/div>\n\t\t<\/section>\n\t\t\t\t<\/div>\n\t\t","protected":false},"excerpt":{"rendered":"<p>Termos e Condi\u00e7\u00f5es Os presentes Termos e Condi\u00e7\u00f5es regem a utiliza\u00e7\u00e3o do site\u00a0www.ventosurbanos.pt\u00a0\u00a0(\u201cSite\u201d). Ao aceder e utilizar o Site, toma conhecimento e aceita os presentes termos e condi\u00e7\u00f5es. Se n\u00e3o concordar com os Termos e Condi\u00e7\u00f5es n\u00e3o utilize o Site. \u00c2mbito Os presentes Termos e Condi\u00e7\u00f5es aplicam-se \u00e0s rela\u00e7\u00f5es entre a Ventos Urbanos Unipessoal LDA\u00a0 [&hellip;]<\/p>\n","protected":false},"author":1,"featured_media":0,"parent":0,"menu_order":0,"comment_status":"closed","ping_status":"closed","template":"","meta":{"footnotes":""},"class_list":["post-489","page","type-page","status-publish","hentry"],"yoast_head":"<!-- This site is optimized with the Yoast SEO plugin v25.9 - https:\/\/yoast.com\/wordpress\/plugins\/seo\/ -->\n<title>Termos e Condi\u00e7\u00f5es - Ventos Urbanos - Intermedia\u00e7\u00e3o de Cr\u00e9dito<\/title>\n<meta name=\"robots\" content=\"index, follow, max-snippet:-1, max-image-preview:large, max-video-preview:-1\" \/>\n<link rel=\"canonical\" href=\"https:\/\/ventosurbanos.pt\/home\/credito\/termos\/\" \/>\n<meta property=\"og:locale\" content=\"pt_PT\" \/>\n<meta property=\"og:type\" content=\"article\" \/>\n<meta property=\"og:title\" content=\"Termos e Condi\u00e7\u00f5es - Ventos Urbanos - Intermedia\u00e7\u00e3o de Cr\u00e9dito\" \/>\n<meta property=\"og:description\" content=\"Termos e Condi\u00e7\u00f5es Os presentes Termos e Condi\u00e7\u00f5es regem a utiliza\u00e7\u00e3o do site\u00a0www.ventosurbanos.pt\u00a0\u00a0(\u201cSite\u201d). Ao aceder e utilizar o Site, toma conhecimento e aceita os presentes termos e condi\u00e7\u00f5es. Se n\u00e3o concordar com os Termos e Condi\u00e7\u00f5es n\u00e3o utilize o Site. \u00c2mbito Os presentes Termos e Condi\u00e7\u00f5es aplicam-se \u00e0s rela\u00e7\u00f5es entre a Ventos Urbanos Unipessoal LDA\u00a0 [&hellip;]\" \/>\n<meta property=\"og:url\" content=\"https:\/\/ventosurbanos.pt\/home\/credito\/termos\/\" \/>\n<meta property=\"og:site_name\" content=\"Ventos Urbanos - Intermedia\u00e7\u00e3o de Cr\u00e9dito\" \/>\n<meta property=\"article:modified_time\" content=\"2022-07-25T20:43:43+00:00\" \/>\n<meta name=\"twitter:card\" content=\"summary_large_image\" \/>\n<meta name=\"twitter:label1\" content=\"Tempo estimado de leitura\" \/>\n\t<meta name=\"twitter:data1\" content=\"3 minutos\" \/>\n<script type=\"application\/ld+json\" class=\"yoast-schema-graph\">{\"@context\":\"https:\/\/schema.org\",\"@graph\":[{\"@type\":\"WebPage\",\"@id\":\"https:\/\/ventosurbanos.pt\/home\/credito\/termos\/\",\"url\":\"https:\/\/ventosurbanos.pt\/home\/credito\/termos\/\",\"name\":\"Termos e Condi\u00e7\u00f5es - Ventos Urbanos - Intermedia\u00e7\u00e3o de Cr\u00e9dito\",\"isPartOf\":{\"@id\":\"https:\/\/ventosurbanos.pt\/home\/credito\/#website\"},\"datePublished\":\"2022-07-25T20:18:59+00:00\",\"dateModified\":\"2022-07-25T20:43:43+00:00\",\"breadcrumb\":{\"@id\":\"https:\/\/ventosurbanos.pt\/home\/credito\/termos\/#breadcrumb\"},\"inLanguage\":\"pt-PT\",\"potentialAction\":[{\"@type\":\"ReadAction\",\"target\":[\"https:\/\/ventosurbanos.pt\/home\/credito\/termos\/\"]}]},{\"@type\":\"BreadcrumbList\",\"@id\":\"https:\/\/ventosurbanos.pt\/home\/credito\/termos\/#breadcrumb\",\"itemListElement\":[{\"@type\":\"ListItem\",\"position\":1,\"name\":\"In\u00edcio\",\"item\":\"https:\/\/ventosurbanos.pt\/home\/credito\/\"},{\"@type\":\"ListItem\",\"position\":2,\"name\":\"Termos e Condi\u00e7\u00f5es\"}]},{\"@type\":\"WebSite\",\"@id\":\"https:\/\/ventosurbanos.pt\/home\/credito\/#website\",\"url\":\"https:\/\/ventosurbanos.pt\/home\/credito\/\",\"name\":\"Ventos Urbanos - Intermedia\u00e7\u00e3o de Cr\u00e9dito\",\"description\":\"Solu\u00e7\u00f5es de Cr\u00e9dito - Ventos Urbanos\",\"publisher\":{\"@id\":\"https:\/\/ventosurbanos.pt\/home\/credito\/#organization\"},\"potentialAction\":[{\"@type\":\"SearchAction\",\"target\":{\"@type\":\"EntryPoint\",\"urlTemplate\":\"https:\/\/ventosurbanos.pt\/home\/credito\/?s={search_term_string}\"},\"query-input\":{\"@type\":\"PropertyValueSpecification\",\"valueRequired\":true,\"valueName\":\"search_term_string\"}}],\"inLanguage\":\"pt-PT\"},{\"@type\":\"Organization\",\"@id\":\"https:\/\/ventosurbanos.pt\/home\/credito\/#organization\",\"name\":\"Ventos Urbanos - Intermedia\u00e7\u00e3o de Cr\u00e9dito\",\"url\":\"https:\/\/ventosurbanos.pt\/home\/credito\/\",\"logo\":{\"@type\":\"ImageObject\",\"inLanguage\":\"pt-PT\",\"@id\":\"https:\/\/ventosurbanos.pt\/home\/credito\/#\/schema\/logo\/image\/\",\"url\":\"https:\/\/ventosurbanos.pt\/home\/credito\/wp-content\/uploads\/sites\/2\/2022\/06\/logo_ventos-1.svg\",\"contentUrl\":\"https:\/\/ventosurbanos.pt\/home\/credito\/wp-content\/uploads\/sites\/2\/2022\/06\/logo_ventos-1.svg\",\"width\":700,\"height\":300,\"caption\":\"Ventos Urbanos - Intermedia\u00e7\u00e3o de Cr\u00e9dito\"},\"image\":{\"@id\":\"https:\/\/ventosurbanos.pt\/home\/credito\/#\/schema\/logo\/image\/\"}}]}<\/script>\n<!-- \/ Yoast SEO plugin. -->","yoast_head_json":{"title":"Termos e Condi\u00e7\u00f5es - Ventos Urbanos - Intermedia\u00e7\u00e3o de Cr\u00e9dito","robots":{"index":"index","follow":"follow","max-snippet":"max-snippet:-1","max-image-preview":"max-image-preview:large","max-video-preview":"max-video-preview:-1"},"canonical":"https:\/\/ventosurbanos.pt\/home\/credito\/termos\/","og_locale":"pt_PT","og_type":"article","og_title":"Termos e Condi\u00e7\u00f5es - Ventos Urbanos - Intermedia\u00e7\u00e3o de Cr\u00e9dito","og_description":"Termos e Condi\u00e7\u00f5es Os presentes Termos e Condi\u00e7\u00f5es regem a utiliza\u00e7\u00e3o do site\u00a0www.ventosurbanos.pt\u00a0\u00a0(\u201cSite\u201d). Ao aceder e utilizar o Site, toma conhecimento e aceita os presentes termos e condi\u00e7\u00f5es. Se n\u00e3o concordar com os Termos e Condi\u00e7\u00f5es n\u00e3o utilize o Site. \u00c2mbito Os presentes Termos e Condi\u00e7\u00f5es aplicam-se \u00e0s rela\u00e7\u00f5es entre a Ventos Urbanos Unipessoal LDA\u00a0 [&hellip;]","og_url":"https:\/\/ventosurbanos.pt\/home\/credito\/termos\/","og_site_name":"Ventos Urbanos - Intermedia\u00e7\u00e3o de Cr\u00e9dito","article_modified_time":"2022-07-25T20:43:43+00:00","twitter_card":"summary_large_image","twitter_misc":{"Tempo estimado de leitura":"3 minutos"},"schema":{"@context":"https:\/\/schema.org","@graph":[{"@type":"WebPage","@id":"https:\/\/ventosurbanos.pt\/home\/credito\/termos\/","url":"https:\/\/ventosurbanos.pt\/home\/credito\/termos\/","name":"Termos e Condi\u00e7\u00f5es - Ventos Urbanos - Intermedia\u00e7\u00e3o de Cr\u00e9dito","isPartOf":{"@id":"https:\/\/ventosurbanos.pt\/home\/credito\/#website"},"datePublished":"2022-07-25T20:18:59+00:00","dateModified":"2022-07-25T20:43:43+00:00","breadcrumb":{"@id":"https:\/\/ventosurbanos.pt\/home\/credito\/termos\/#breadcrumb"},"inLanguage":"pt-PT","potentialAction":[{"@type":"ReadAction","target":["https:\/\/ventosurbanos.pt\/home\/credito\/termos\/"]}]},{"@type":"BreadcrumbList","@id":"https:\/\/ventosurbanos.pt\/home\/credito\/termos\/#breadcrumb","itemListElement":[{"@type":"ListItem","position":1,"name":"In\u00edcio","item":"https:\/\/ventosurbanos.pt\/home\/credito\/"},{"@type":"ListItem","position":2,"name":"Termos e Condi\u00e7\u00f5es"}]},{"@type":"WebSite","@id":"https:\/\/ventosurbanos.pt\/home\/credito\/#website","url":"https:\/\/ventosurbanos.pt\/home\/credito\/","name":"Ventos Urbanos - Intermedia\u00e7\u00e3o de Cr\u00e9dito","description":"Solu\u00e7\u00f5es de Cr\u00e9dito - Ventos Urbanos","publisher":{"@id":"https:\/\/ventosurbanos.pt\/home\/credito\/#organization"},"potentialAction":[{"@type":"SearchAction","target":{"@type":"EntryPoint","urlTemplate":"https:\/\/ventosurbanos.pt\/home\/credito\/?s={search_term_string}"},"query-input":{"@type":"PropertyValueSpecification","valueRequired":true,"valueName":"search_term_string"}}],"inLanguage":"pt-PT"},{"@type":"Organization","@id":"https:\/\/ventosurbanos.pt\/home\/credito\/#organization","name":"Ventos Urbanos - Intermedia\u00e7\u00e3o de Cr\u00e9dito","url":"https:\/\/ventosurbanos.pt\/home\/credito\/","logo":{"@type":"ImageObject","inLanguage":"pt-PT","@id":"https:\/\/ventosurbanos.pt\/home\/credito\/#\/schema\/logo\/image\/","url":"https:\/\/ventosurbanos.pt\/home\/credito\/wp-content\/uploads\/sites\/2\/2022\/06\/logo_ventos-1.svg","contentUrl":"https:\/\/ventosurbanos.pt\/home\/credito\/wp-content\/uploads\/sites\/2\/2022\/06\/logo_ventos-1.svg","width":700,"height":300,"caption":"Ventos Urbanos - Intermedia\u00e7\u00e3o de Cr\u00e9dito"},"image":{"@id":"https:\/\/ventosurbanos.pt\/home\/credito\/#\/schema\/logo\/image\/"}}]}},"_links":{"self":[{"href":"https:\/\/ventosurbanos.pt\/home\/credito\/wp-json\/wp\/v2\/pages\/489","targetHints":{"allow":["GET"]}}],"collection":[{"href":"https:\/\/ventosurbanos.pt\/home\/credito\/wp-json\/wp\/v2\/pages"}],"about":[{"href":"https:\/\/ventosurbanos.pt\/home\/credito\/wp-json\/wp\/v2\/types\/page"}],"author":[{"embeddable":true,"href":"https:\/\/ventosurbanos.pt\/home\/credito\/wp-json\/wp\/v2\/users\/1"}],"replies":[{"embeddable":true,"href":"https:\/\/ventosurbanos.pt\/home\/credito\/wp-json\/wp\/v2\/comments?post=489"}],"version-history":[{"count":4,"href":"https:\/\/ventosurbanos.pt\/home\/credito\/wp-json\/wp\/v2\/pages\/489\/revisions"}],"predecessor-version":[{"id":499,"href":"https:\/\/ventosurbanos.pt\/home\/credito\/wp-json\/wp\/v2\/pages\/489\/revisions\/499"}],"wp:attachment":[{"href":"https:\/\/ventosurbanos.pt\/home\/credito\/wp-json\/wp\/v2\/media?parent=489"}],"curies":[{"name":"wp","href":"https:\/\/api.w.org\/{rel}","templated":true}]}}